{"id":15861,"date":"2025-12-08T08:05:30","date_gmt":"2025-12-08T07:05:30","guid":{"rendered":"https:\/\/comiteoisett.fr\/?page_id=15861"},"modified":"2026-03-26T15:20:29","modified_gmt":"2026-03-26T14:20:29","slug":"regroupement-cadets-2-juniors-4","status":"publish","type":"page","link":"https:\/\/comiteoisett.fr\/index.php\/regroupement-cadets-2-juniors-4\/","title":{"rendered":"Regroupement Cadets 2 &#8211; Juniors 4"},"content":{"rendered":"\t\t<div data-elementor-type=\"wp-page\" data-elementor-id=\"15861\" class=\"elementor elementor-15861\">\n\t\t\t\t\t\t\t\t\t<section class=\"elementor-section elementor-top-section elementor-element elementor-element-2d8e469 elementor-section-boxed elementor-section-height-default elementor-section-height-default\" data-id=\"2d8e469\" data-element_type=\"section\">\n\t\t\t\t\t\t<div class=\"elementor-container elementor-column-gap-default\">\n\t\t\t\t\t<div class=\"elementor-column elementor-col-33 elementor-top-column elementor-element elementor-element-abf43b8\" data-id=\"abf43b8\" data-element_type=\"column\">\n\t\t\t<div class=\"elementor-widget-wrap elementor-element-populated\">\n\t\t\t\t\t\t\t\t<div class=\"elementor-element elementor-element-05782ba elementor-widget elementor-widget-image\" data-id=\"05782ba\" data-element_type=\"widget\" data-widget_type=\"image.default\">\n\t\t\t\t<div class=\"elementor-widget-container\">\n\t\t\t<style>\/*! elementor - v3.7.4 - 31-08-2022 *\/\n.elementor-widget-image{text-align:center}.elementor-widget-image a{display:inline-block}.elementor-widget-image a img[src$=\".svg\"]{width:48px}.elementor-widget-image img{vertical-align:middle;display:inline-block}<\/style>\t\t\t\t\t\t\t\t\t\t\t\t<img loading=\"lazy\" decoding=\"async\" width=\"282\" height=\"179\" src=\"https:\/\/comiteoisett.fr\/wp-content\/uploads\/2023\/09\/formation-entraineur-image.jpg\" class=\"attachment-large size-large\" alt=\"\" \/>\t\t\t\t\t\t\t\t\t\t\t\t\t\t\t<\/div>\n\t\t\t\t<\/div>\n\t\t\t\t\t<\/div>\n\t\t<\/div>\n\t\t\t\t<div class=\"elementor-column elementor-col-33 elementor-top-column elementor-element elementor-element-e5ab9bc\" data-id=\"e5ab9bc\" data-element_type=\"column\">\n\t\t\t<div class=\"elementor-widget-wrap\">\n\t\t\t\t\t\t\t\t\t<\/div>\n\t\t<\/div>\n\t\t\t\t<div class=\"elementor-column elementor-col-33 elementor-top-column elementor-element elementor-element-b665eb1\" data-id=\"b665eb1\" data-element_type=\"column\">\n\t\t\t<div class=\"elementor-widget-wrap elementor-element-populated\">\n\t\t\t\t\t\t\t\t<div class=\"elementor-element elementor-element-751e1b5 elementor-widget elementor-widget-text-editor\" data-id=\"751e1b5\" data-element_type=\"widget\" data-widget_type=\"text-editor.default\">\n\t\t\t\t<div class=\"elementor-widget-container\">\n\t\t\t<style>\/*! elementor - v3.7.4 - 31-08-2022 *\/\n.elementor-widget-text-editor.elementor-drop-cap-view-stacked .elementor-drop-cap{background-color:#818a91;color:#fff}.elementor-widget-text-editor.elementor-drop-cap-view-framed .elementor-drop-cap{color:#818a91;border:3px solid;background-color:transparent}.elementor-widget-text-editor:not(.elementor-drop-cap-view-default) .elementor-drop-cap{margin-top:8px}.elementor-widget-text-editor:not(.elementor-drop-cap-view-default) .elementor-drop-cap-letter{width:1em;height:1em}.elementor-widget-text-editor .elementor-drop-cap{float:left;text-align:center;line-height:1;font-size:50px}.elementor-widget-text-editor .elementor-drop-cap-letter{display:inline-block}<\/style>\t\t\t\t<p style=\"text-align: center;\"><strong style=\"font-style: inherit; color: var( --e-global-color-text ); font-family: var( --e-global-typography-text-font-family ), Sans-serif; background-color: var(--ast-global-color-5);\"><span style=\"color: #ff0000;\">Responsable des regroupements C2-J4 :\u00a0<\/span><\/strong><\/p><p style=\"text-align: center;\"><b>Alexis SAINT-MAXENT<\/b><\/p><p style=\"text-align: center;\"><a href=\"mailto:alexis.saint-maxent@comiteoisett.fr\">alexis.saint-maxent@comiteoisett.fr<\/a><\/p>\t\t\t\t\t\t<\/div>\n\t\t\t\t<\/div>\n\t\t\t\t\t<\/div>\n\t\t<\/div>\n\t\t\t\t\t\t\t<\/div>\n\t\t<\/section>\n\t\t\t\t<section class=\"elementor-section elementor-top-section elementor-element elementor-element-b989a43 elementor-section-boxed elementor-section-height-default elementor-section-height-default\" data-id=\"b989a43\" data-element_type=\"section\">\n\t\t\t\t\t\t<div class=\"elementor-container elementor-column-gap-default\">\n\t\t\t\t\t<div class=\"elementor-column elementor-col-33 elementor-top-column elementor-element elementor-element-5598d1d\" data-id=\"5598d1d\" data-element_type=\"column\">\n\t\t\t<div class=\"elementor-widget-wrap\">\n\t\t\t\t\t\t\t\t\t<\/div>\n\t\t<\/div>\n\t\t\t\t<div class=\"elementor-column elementor-col-33 elementor-top-column elementor-element elementor-element-75317e5\" data-id=\"75317e5\" data-element_type=\"column\">\n\t\t\t<div class=\"elementor-widget-wrap elementor-element-populated\">\n\t\t\t\t\t\t\t\t<div class=\"elementor-element elementor-element-50981f6 elementor-widget elementor-widget-heading\" data-id=\"50981f6\" data-element_type=\"widget\" data-widget_type=\"heading.default\">\n\t\t\t\t<div class=\"elementor-widget-container\">\n\t\t\t<style>\/*! elementor - v3.7.4 - 31-08-2022 *\/\n.elementor-heading-title{padding:0;margin:0;line-height:1}.elementor-widget-heading .elementor-heading-title[class*=elementor-size-]>a{color:inherit;font-size:inherit;line-height:inherit}.elementor-widget-heading .elementor-heading-title.elementor-size-small{font-size:15px}.elementor-widget-heading .elementor-heading-title.elementor-size-medium{font-size:19px}.elementor-widget-heading .elementor-heading-title.elementor-size-large{font-size:29px}.elementor-widget-heading .elementor-heading-title.elementor-size-xl{font-size:39px}.elementor-widget-heading .elementor-heading-title.elementor-size-xxl{font-size:59px}<\/style><h2 class=\"elementor-heading-title elementor-size-default\">\"Regroupement Cadets 2 - Juniors 4\" <br>Cycle de 6 s\u00e9ances d'entra\u00eenement avec Alexis, entra\u00eeneur du Comit\u00e9<\/h2>\t\t<\/div>\n\t\t\t\t<\/div>\n\t\t\t\t\t<\/div>\n\t\t<\/div>\n\t\t\t\t<div class=\"elementor-column elementor-col-33 elementor-top-column elementor-element elementor-element-d6df193\" data-id=\"d6df193\" data-element_type=\"column\">\n\t\t\t<div class=\"elementor-widget-wrap\">\n\t\t\t\t\t\t\t\t\t<\/div>\n\t\t<\/div>\n\t\t\t\t\t\t\t<\/div>\n\t\t<\/section>\n\t\t\t\t<section class=\"elementor-section elementor-top-section elementor-element elementor-element-f1cb100 elementor-section-boxed elementor-section-height-default elementor-section-height-default\" data-id=\"f1cb100\" data-element_type=\"section\">\n\t\t\t\t\t\t<div class=\"elementor-container elementor-column-gap-default\">\n\t\t\t\t\t<div class=\"elementor-column elementor-col-100 elementor-top-column elementor-element elementor-element-e6009dc\" data-id=\"e6009dc\" data-element_type=\"column\">\n\t\t\t<div class=\"elementor-widget-wrap elementor-element-populated\">\n\t\t\t\t\t\t\t\t<div class=\"elementor-element elementor-element-489f38a elementor-widget-divider--view-line elementor-widget elementor-widget-divider\" data-id=\"489f38a\" data-element_type=\"widget\" data-widget_type=\"divider.default\">\n\t\t\t\t<div class=\"elementor-widget-container\">\n\t\t\t<style>\/*! elementor - v3.7.4 - 31-08-2022 *\/\n.elementor-widget-divider{--divider-border-style:none;--divider-border-width:1px;--divider-color:#2c2c2c;--divider-icon-size:20px;--divider-element-spacing:10px;--divider-pattern-height:24px;--divider-pattern-size:20px;--divider-pattern-url:none;--divider-pattern-repeat:repeat-x}.elementor-widget-divider .elementor-divider{display:-webkit-box;display:-ms-flexbox;display:flex}.elementor-widget-divider .elementor-divider__text{font-size:15px;line-height:1;max-width:95%}.elementor-widget-divider .elementor-divider__element{margin:0 var(--divider-element-spacing);-ms-flex-negative:0;flex-shrink:0}.elementor-widget-divider .elementor-icon{font-size:var(--divider-icon-size)}.elementor-widget-divider .elementor-divider-separator{display:-webkit-box;display:-ms-flexbox;display:flex;margin:0;direction:ltr}.elementor-widget-divider--view-line_icon .elementor-divider-separator,.elementor-widget-divider--view-line_text .elementor-divider-separator{-webkit-box-align:center;-ms-flex-align:center;align-items:center}.elementor-widget-divider--view-line_icon .elementor-divider-separator:after,.elementor-widget-divider--view-line_icon .elementor-divider-separator:before,.elementor-widget-divider--view-line_text .elementor-divider-separator:after,.elementor-widget-divider--view-line_text .elementor-divider-separator:before{display:block;content:\"\";border-bottom:0;-webkit-box-flex:1;-ms-flex-positive:1;flex-grow:1;border-top:var(--divider-border-width) var(--divider-border-style) var(--divider-color)}.elementor-widget-divider--element-align-left .elementor-divider .elementor-divider-separator>.elementor-divider__svg:first-of-type{-webkit-box-flex:0;-ms-flex-positive:0;flex-grow:0;-ms-flex-negative:100;flex-shrink:100}.elementor-widget-divider--element-align-left .elementor-divider-separator:before{content:none}.elementor-widget-divider--element-align-left .elementor-divider__element{margin-left:0}.elementor-widget-divider--element-align-right .elementor-divider .elementor-divider-separator>.elementor-divider__svg:last-of-type{-webkit-box-flex:0;-ms-flex-positive:0;flex-grow:0;-ms-flex-negative:100;flex-shrink:100}.elementor-widget-divider--element-align-right .elementor-divider-separator:after{content:none}.elementor-widget-divider--element-align-right .elementor-divider__element{margin-right:0}.elementor-widget-divider:not(.elementor-widget-divider--view-line_text):not(.elementor-widget-divider--view-line_icon) .elementor-divider-separator{border-top:var(--divider-border-width) var(--divider-border-style) var(--divider-color)}.elementor-widget-divider--separator-type-pattern{--divider-border-style:none}.elementor-widget-divider--separator-type-pattern.elementor-widget-divider--view-line .elementor-divider-separator,.elementor-widget-divider--separator-type-pattern:not(.elementor-widget-divider--view-line) .elementor-divider-separator:after,.elementor-widget-divider--separator-type-pattern:not(.elementor-widget-divider--view-line) .elementor-divider-separator:before,.elementor-widget-divider--separator-type-pattern:not([class*=elementor-widget-divider--view]) .elementor-divider-separator{width:100%;min-height:var(--divider-pattern-height);-webkit-mask-size:var(--divider-pattern-size) 100%;mask-size:var(--divider-pattern-size) 100%;-webkit-mask-repeat:var(--divider-pattern-repeat);mask-repeat:var(--divider-pattern-repeat);background-color:var(--divider-color);-webkit-mask-image:var(--divider-pattern-url);mask-image:var(--divider-pattern-url)}.elementor-widget-divider--no-spacing{--divider-pattern-size:auto}.elementor-widget-divider--bg-round{--divider-pattern-repeat:round}.rtl .elementor-widget-divider .elementor-divider__text{direction:rtl}.e-container>.elementor-widget-divider{width:var(--container-widget-width,100%);--flex-grow:var(--container-widget-flex-grow,0)}<\/style>\t\t<div class=\"elementor-divider\">\n\t\t\t<span class=\"elementor-divider-separator\">\n\t\t\t\t\t\t<\/span>\n\t\t<\/div>\n\t\t\t\t<\/div>\n\t\t\t\t<\/div>\n\t\t\t\t\t<\/div>\n\t\t<\/div>\n\t\t\t\t\t\t\t<\/div>\n\t\t<\/section>\n\t\t\t\t<section class=\"elementor-section elementor-top-section elementor-element elementor-element-90b54e7 elementor-section-boxed elementor-section-height-default elementor-section-height-default\" data-id=\"90b54e7\" data-element_type=\"section\">\n\t\t\t\t\t\t<div class=\"elementor-container elementor-column-gap-default\">\n\t\t\t\t\t<div class=\"elementor-column elementor-col-50 elementor-top-column elementor-element elementor-element-36f4abe\" data-id=\"36f4abe\" data-element_type=\"column\">\n\t\t\t<div class=\"elementor-widget-wrap elementor-element-populated\">\n\t\t\t\t\t\t\t\t<div class=\"elementor-element elementor-element-ccb79e9 elementor-widget elementor-widget-text-editor\" data-id=\"ccb79e9\" data-element_type=\"widget\" data-widget_type=\"text-editor.default\">\n\t\t\t\t<div class=\"elementor-widget-container\">\n\t\t\t\t\t\t\t<p>Bonjour,<\/p><p>Le Comit\u00e9 de l&rsquo;Oise met en place <span style=\"color: #ff0000;\"><strong>un cycle de 6 s\u00e9ances d&rsquo;entra\u00eenement<\/strong><\/span> destin\u00e9 aux joueurs de <strong><span style=\"color: #ff0000;\">Cadets 2 \u00e0 Juniors 4<\/span><\/strong> dans l&rsquo;optique de poursuivre une dynamique de regroupement le temps d&rsquo;une s\u00e9ance avec des joueurs de plusieurs clubs et d&rsquo;accompagner le travail des clubs.<\/p><p>Ces regroupements auront lieu sur <span style=\"color: #ff0000;\">6 samedis de 14h30 \u00e0 17h30<\/span> :<\/p><p>&#8211; Samedi\u00a0<strong>3 janvier<\/strong>\u00a02026 \u00e0<strong>\u00a0Breteuil<\/strong><\/p><p>&#8211; Samedi\u00a0<strong>31 janvier<\/strong>\u00a02026 \u00e0\u00a0<strong>Nogent-sur-Oise<\/strong><\/p><p>&#8211; Samedi\u00a0<strong>14 f\u00e9vrier<\/strong>\u00a02026 \u00e0\u00a0<strong>Nogent-sur-Oise<\/strong><\/p><p>&#8211; Samedi\u00a0<strong>28 mars<\/strong>\u00a02026 \u00e0\u00a0<strong>Till\u00e9<\/strong><\/p><p>&#8211; Samedi\u00a0<strong>2 mai<\/strong>\u00a02026 \u00e0\u00a0<strong>Breteuil<\/strong><\/p><p>&#8211; Samedi\u00a0<strong>16 mai<\/strong>\u00a02026 \u00e0\u00a0<strong>Till\u00e9<\/strong><\/p><p>Un groupe de 16 joueurs sera construit.<\/p><p>Vous trouverez, ci-joint, <a href=\"https:\/\/comiteoisett.fr\/wp-content\/uploads\/2025\/12\/2025-12-Selection-Regroupement-C2-J4.pdf\">la s\u00e9lection des joueurs prioritaires<\/a> et <span style=\"color: #ff0000;\">les clubs ont la possibilit\u00e9 de proposer des Cadets 2 \u00e0 Juniors 4 ayant un minimum de 800 points au classement mensuel de d\u00e9cembre pour compl\u00e9ter ce groupe.<\/span><\/p><p>Tous les joueurs r\u00e9pondant favorablement \u00e0 leur participation lors de ces regroupements devront \u00eatre pr\u00e9sents sur ces 6 dates (avec une indulgence pour le samedi 31 janvier qui tombe en m\u00eame temps que le tournoi de Cauffry et de Beauvais).<\/p><p>Pouvez-vous communiquer l&rsquo;information \u00e0 tous les joueurs pouvant prendre part \u00e0 ces regroupements puis de m&rsquo;indiquer leur participation ou non s&rsquo;il vous pla\u00eet ?<\/p><p><strong><span style=\"color: #3366ff;\">La date limite de retour est fix\u00e9e au lundi\u00a015 d\u00e9cembre 2025<\/span>. <\/strong>D\u00e8s le lendemain la liste d\u00e9finitive sera transmise aux clubs concern\u00e9s.<\/p><p>Je reste \u00e0 votre disposition pour tout compl\u00e9ment d&rsquo;information.<\/p><p>Sportivement,<\/p><p>Alexis Saint-Maxent (Entra\u00eeneur du Comit\u00e9 Oise TT)<\/p><p>\u00a0<\/p>\t\t\t\t\t\t<\/div>\n\t\t\t\t<\/div>\n\t\t\t\t\t<\/div>\n\t\t<\/div>\n\t\t\t\t<div class=\"elementor-column elementor-col-50 elementor-top-column elementor-element elementor-element-b969cc5\" data-id=\"b969cc5\" data-element_type=\"column\">\n\t\t\t<div class=\"elementor-widget-wrap\">\n\t\t\t\t\t\t\t\t\t<\/div>\n\t\t<\/div>\n\t\t\t\t\t\t\t<\/div>\n\t\t<\/section>\n\t\t\t\t\t\t\t<\/div>\n\t\t","protected":false},"excerpt":{"rendered":"<p>Responsable des regroupements C2-J4 :\u00a0 Alexis SAINT-MAXENT alexis.saint-maxent@comiteoisett.fr \u00ab\u00a0Regroupement Cadets 2 &#8211; Juniors 4\u00a0\u00bb Cycle de 6 s\u00e9ances d&rsquo;entra\u00eenement avec Alexis, entra\u00eeneur du Comit\u00e9 Bonjour, Le Comit\u00e9 de l&rsquo;Oise met en place un cycle de 6 s\u00e9ances d&rsquo;entra\u00eenement destin\u00e9 aux joueurs de Cadets 2 \u00e0 Juniors 4 dans l&rsquo;optique de poursuivre une dynamique de regroupement &hellip;<\/p>\n<p class=\"read-more\"> <a class=\"\" href=\"https:\/\/comiteoisett.fr\/index.php\/regroupement-cadets-2-juniors-4\/\"> <span class=\"screen-reader-text\">Regroupement Cadets 2 &#8211; Juniors 4<\/span> Lire la suite\u00a0\u00bb<\/a><\/p>\n","protected":false},"author":2,"featured_media":0,"parent":0,"menu_order":0,"comment_status":"closed","ping_status":"closed","template":"","meta":{"site-sidebar-layout":"no-sidebar","site-content-layout":"page-builder","ast-global-header-display":"","ast-main-header-display":"","ast-hfb-above-header-display":"","ast-hfb-below-header-display":"","ast-hfb-mobile-header-display":"","site-post-title":"disabled","ast-breadcrumbs-content":"","ast-featured-img":"disabled","footer-sml-layout":"","theme-transparent-header-meta":"","adv-header-id-meta":"","stick-header-meta":"","header-above-stick-meta":"","header-main-stick-meta":"","header-below-stick-meta":"","footnotes":""},"class_list":["post-15861","page","type-page","status-publish","hentry"],"_links":{"self":[{"href":"https:\/\/comiteoisett.fr\/index.php\/wp-json\/wp\/v2\/pages\/15861","targetHints":{"allow":["GET"]}}],"collection":[{"href":"https:\/\/comiteoisett.fr\/index.php\/wp-json\/wp\/v2\/pages"}],"about":[{"href":"https:\/\/comiteoisett.fr\/index.php\/wp-json\/wp\/v2\/types\/page"}],"author":[{"embeddable":true,"href":"https:\/\/comiteoisett.fr\/index.php\/wp-json\/wp\/v2\/users\/2"}],"replies":[{"embeddable":true,"href":"https:\/\/comiteoisett.fr\/index.php\/wp-json\/wp\/v2\/comments?post=15861"}],"version-history":[{"count":23,"href":"https:\/\/comiteoisett.fr\/index.php\/wp-json\/wp\/v2\/pages\/15861\/revisions"}],"predecessor-version":[{"id":17058,"href":"https:\/\/comiteoisett.fr\/index.php\/wp-json\/wp\/v2\/pages\/15861\/revisions\/17058"}],"wp:attachment":[{"href":"https:\/\/comiteoisett.fr\/index.php\/wp-json\/wp\/v2\/media?parent=15861"}],"curies":[{"name":"wp","href":"https:\/\/api.w.org\/{rel}","templated":true}]}}