{"id":16399,"date":"2026-01-25T18:37:47","date_gmt":"2026-01-25T17:37:47","guid":{"rendered":"https:\/\/comiteoisett.fr\/?page_id=16399"},"modified":"2026-01-25T18:43:49","modified_gmt":"2026-01-25T17:43:49","slug":"voeux-2026","status":"publish","type":"page","link":"https:\/\/comiteoisett.fr\/index.php\/voeux-2026\/","title":{"rendered":"Voeux 2026"},"content":{"rendered":"\t\t<div data-elementor-type=\"wp-page\" data-elementor-id=\"16399\" class=\"elementor elementor-16399\">\n\t\t\t\t\t\t\t\t\t<section class=\"elementor-section elementor-top-section elementor-element elementor-element-583ed81 elementor-section-boxed elementor-section-height-default elementor-section-height-default\" data-id=\"583ed81\" data-element_type=\"section\">\n\t\t\t\t\t\t<div class=\"elementor-container elementor-column-gap-default\">\n\t\t\t\t\t<div class=\"elementor-column elementor-col-33 elementor-top-column elementor-element elementor-element-ed82a74\" data-id=\"ed82a74\" data-element_type=\"column\">\n\t\t\t<div class=\"elementor-widget-wrap\">\n\t\t\t\t\t\t\t\t\t<\/div>\n\t\t<\/div>\n\t\t\t\t<div class=\"elementor-column elementor-col-33 elementor-top-column elementor-element elementor-element-28ba5a7\" data-id=\"28ba5a7\" data-element_type=\"column\">\n\t\t\t<div class=\"elementor-widget-wrap elementor-element-populated\">\n\t\t\t\t\t\t\t\t<div class=\"elementor-element elementor-element-46a259d elementor-widget elementor-widget-image\" data-id=\"46a259d\" data-element_type=\"widget\" data-widget_type=\"image.default\">\n\t\t\t\t<div class=\"elementor-widget-container\">\n\t\t\t<style>\/*! elementor - v3.7.4 - 31-08-2022 *\/\n.elementor-widget-image{text-align:center}.elementor-widget-image a{display:inline-block}.elementor-widget-image a img[src$=\".svg\"]{width:48px}.elementor-widget-image img{vertical-align:middle;display:inline-block}<\/style>\t\t\t\t\t\t\t\t\t\t\t\t\t<a href=\"https:\/\/comiteoisett.fr\/wp-content\/uploads\/2026\/01\/2026-01-BONNE-ANNEE-2026-.jpg\" data-elementor-open-lightbox=\"yes\" data-elementor-lightbox-title=\"2026-01 BONNE ANNEE 2026 !\" e-action-hash=\"#elementor-action%3Aaction%3Dlightbox%26settings%3DeyJpZCI6MTYzOTUsInVybCI6Imh0dHBzOlwvXC9jb21pdGVvaXNldHQuZnJcL3dwLWNvbnRlbnRcL3VwbG9hZHNcLzIwMjZcLzAxXC8yMDI2LTAxLUJPTk5FLUFOTkVFLTIwMjYtLmpwZyJ9\">\n\t\t\t\t\t\t\t<img loading=\"lazy\" decoding=\"async\" width=\"750\" height=\"750\" src=\"https:\/\/comiteoisett.fr\/wp-content\/uploads\/2026\/01\/2026-01-BONNE-ANNEE-2026-.jpg\" class=\"attachment-large size-large\" alt=\"\" srcset=\"https:\/\/comiteoisett.fr\/wp-content\/uploads\/2026\/01\/2026-01-BONNE-ANNEE-2026-.jpg 750w, https:\/\/comiteoisett.fr\/wp-content\/uploads\/2026\/01\/2026-01-BONNE-ANNEE-2026--300x300.jpg 300w, https:\/\/comiteoisett.fr\/wp-content\/uploads\/2026\/01\/2026-01-BONNE-ANNEE-2026--150x150.jpg 150w\" sizes=\"auto, (max-width: 750px) 100vw, 750px\" \/>\t\t\t\t\t\t\t\t<\/a>\n\t\t\t\t\t\t\t\t\t\t\t\t\t\t\t<\/div>\n\t\t\t\t<\/div>\n\t\t\t\t\t<\/div>\n\t\t<\/div>\n\t\t\t\t<div class=\"elementor-column elementor-col-33 elementor-top-column elementor-element elementor-element-29280dd\" data-id=\"29280dd\" data-element_type=\"column\">\n\t\t\t<div class=\"elementor-widget-wrap\">\n\t\t\t\t\t\t\t\t\t<\/div>\n\t\t<\/div>\n\t\t\t\t\t\t\t<\/div>\n\t\t<\/section>\n\t\t\t\t<section class=\"elementor-section elementor-top-section elementor-element elementor-element-64c9ff2 elementor-section-boxed elementor-section-height-default elementor-section-height-default\" data-id=\"64c9ff2\" data-element_type=\"section\">\n\t\t\t\t\t\t<div class=\"elementor-container elementor-column-gap-default\">\n\t\t\t\t\t<div class=\"elementor-column elementor-col-100 elementor-top-column elementor-element elementor-element-7845ca5\" data-id=\"7845ca5\" data-element_type=\"column\">\n\t\t\t<div class=\"elementor-widget-wrap elementor-element-populated\">\n\t\t\t\t\t\t\t\t<div class=\"elementor-element elementor-element-2ed3b65 elementor-widget elementor-widget-text-editor\" data-id=\"2ed3b65\" data-element_type=\"widget\" data-widget_type=\"text-editor.default\">\n\t\t\t\t<div class=\"elementor-widget-container\">\n\t\t\t<style>\/*! elementor - v3.7.4 - 31-08-2022 *\/\n.elementor-widget-text-editor.elementor-drop-cap-view-stacked .elementor-drop-cap{background-color:#818a91;color:#fff}.elementor-widget-text-editor.elementor-drop-cap-view-framed .elementor-drop-cap{color:#818a91;border:3px solid;background-color:transparent}.elementor-widget-text-editor:not(.elementor-drop-cap-view-default) .elementor-drop-cap{margin-top:8px}.elementor-widget-text-editor:not(.elementor-drop-cap-view-default) .elementor-drop-cap-letter{width:1em;height:1em}.elementor-widget-text-editor .elementor-drop-cap{float:left;text-align:center;line-height:1;font-size:50px}.elementor-widget-text-editor .elementor-drop-cap-letter{display:inline-block}<\/style>\t\t\t\t<p>Ch\u00e8res Pr\u00e9sidentes, chers Pr\u00e9sidents,\u00a0<\/p><p>Chers membres des clubs de l\u2019Oise,<\/p><p>En ce d\u00e9but d\u2019ann\u00e9e, les \u00e9lus et les salari\u00e9s du Comit\u00e9 se joignent \u00e0 moi pour vous pr\u00e9senter nos v\u0153ux les plus chaleureux. Que 2026 soit une ann\u00e9e de r\u00e9ussite sportive, de projets ambitieux et de plaisir partag\u00e9 autour de notre passion commune.<\/p><p>Cette ann\u00e9e marque une \u00e9tape importante pour notre comit\u00e9. Nous avons le plaisir d\u2019accueillir un nouvel \u00e9ducateur sportif, qui est \u00e0 votre disposition pour accompagner vos initiatives sportives. N\u2019h\u00e9sitez surtout pas \u00e0 le solliciter pour des actions en journ\u00e9e, notamment aupr\u00e8s des \u00e9coles ou pour toute autre activit\u00e9 favorisant la d\u00e9couverte et la pratique.<\/p><p>Nous pouvons \u00e9galement compter sur notre agent de d\u00e9veloppement, qui poursuit de nouvelles initiatives et projets : interventions en EHPAD, rapprochement avec des entreprises, et actions autour du sport sant\u00e9. Ces initiatives sont essentielles pour \u00e9largir notre impact et faire rayonner le tennis de table dans des environnements vari\u00e9s. Nous comptons sur vous pour motiver vos licenci\u00e9s et relayer ces opportunit\u00e9s, afin que ces actions prennent toute leur ampleur dans notre d\u00e9partement.<\/p><p>Cependant, nous devons aussi faire face \u00e0 une r\u00e9alit\u00e9 pr\u00e9occupante : les violences verbales, physiques et les comportements inappropri\u00e9s sont en forte croissance.\u00a0Nous vous demandons de veiller \u00e0 ce que les rencontres se d\u00e9roulent dans le respect et la s\u00e9r\u00e9nit\u00e9. Nous vous invitons \u00e0 nous remonter tout probl\u00e8me sans attendre, car nous serons fermes sur ces signalements et n\u2019h\u00e9siterons pas \u00e0 engager des proc\u00e9dures disciplinaires\u00a0si n\u00e9cessaire. Ensemble, nous devons pr\u00e9server les valeurs de notre sport.<\/p><p>Votre engagement est la cl\u00e9 de notre r\u00e9ussite collective. Ensemble, faisons de 2026 une ann\u00e9e dynamique, ouverte et solidaire, o\u00f9 chaque club contribue \u00e0 faire grandir notre sport.<\/p><p>Je vous souhaite \u00e0 toutes et \u00e0 tous la sant\u00e9, l\u2019\u00e9nergie et beaucoup de plaisir autour de la table !<\/p><p>Sportivement,<\/p><p>Quentin Bonningre &#8211; Pr\u00e9sident du Comit\u00e9<\/p>\t\t\t\t\t\t<\/div>\n\t\t\t\t<\/div>\n\t\t\t\t\t<\/div>\n\t\t<\/div>\n\t\t\t\t\t\t\t<\/div>\n\t\t<\/section>\n\t\t\t\t\t\t\t<\/div>\n\t\t","protected":false},"excerpt":{"rendered":"<p>Ch\u00e8res Pr\u00e9sidentes, chers Pr\u00e9sidents,\u00a0 Chers membres des clubs de l\u2019Oise, En ce d\u00e9but d\u2019ann\u00e9e, les \u00e9lus et les salari\u00e9s du Comit\u00e9 se joignent \u00e0 moi pour vous pr\u00e9senter nos v\u0153ux les plus chaleureux. Que 2026 soit une ann\u00e9e de r\u00e9ussite sportive, de projets ambitieux et de plaisir partag\u00e9 autour de notre passion commune. Cette ann\u00e9e &hellip;<\/p>\n<p class=\"read-more\"> <a class=\"\" href=\"https:\/\/comiteoisett.fr\/index.php\/voeux-2026\/\"> <span class=\"screen-reader-text\">Voeux 2026<\/span> Lire la suite\u00a0\u00bb<\/a><\/p>\n","protected":false},"author":2,"featured_media":0,"parent":0,"menu_order":0,"comment_status":"closed","ping_status":"closed","template":"","meta":{"site-sidebar-layout":"no-sidebar","site-content-layout":"page-builder","ast-global-header-display":"","ast-main-header-display":"","ast-hfb-above-header-display":"","ast-hfb-below-header-display":"","ast-hfb-mobile-header-display":"","site-post-title":"disabled","ast-breadcrumbs-content":"","ast-featured-img":"disabled","footer-sml-layout":"","theme-transparent-header-meta":"","adv-header-id-meta":"","stick-header-meta":"","header-above-stick-meta":"","header-main-stick-meta":"","header-below-stick-meta":"","footnotes":""},"class_list":["post-16399","page","type-page","status-publish","hentry"],"_links":{"self":[{"href":"https:\/\/comiteoisett.fr\/index.php\/wp-json\/wp\/v2\/pages\/16399","targetHints":{"allow":["GET"]}}],"collection":[{"href":"https:\/\/comiteoisett.fr\/index.php\/wp-json\/wp\/v2\/pages"}],"about":[{"href":"https:\/\/comiteoisett.fr\/index.php\/wp-json\/wp\/v2\/types\/page"}],"author":[{"embeddable":true,"href":"https:\/\/comiteoisett.fr\/index.php\/wp-json\/wp\/v2\/users\/2"}],"replies":[{"embeddable":true,"href":"https:\/\/comiteoisett.fr\/index.php\/wp-json\/wp\/v2\/comments?post=16399"}],"version-history":[{"count":8,"href":"https:\/\/comiteoisett.fr\/index.php\/wp-json\/wp\/v2\/pages\/16399\/revisions"}],"predecessor-version":[{"id":16409,"href":"https:\/\/comiteoisett.fr\/index.php\/wp-json\/wp\/v2\/pages\/16399\/revisions\/16409"}],"wp:attachment":[{"href":"https:\/\/comiteoisett.fr\/index.php\/wp-json\/wp\/v2\/media?parent=16399"}],"curies":[{"name":"wp","href":"https:\/\/api.w.org\/{rel}","templated":true}]}}